{"id":1624,"date":"2020-09-02T10:56:34","date_gmt":"2020-09-02T10:56:34","guid":{"rendered":"https:\/\/www.hotihoteis.com\/media\/news\/"},"modified":"2020-12-11T14:28:09","modified_gmt":"2020-12-11T14:28:09","slug":"noticias","status":"publish","type":"page","link":"https:\/\/www.hotihoteis.com\/pt-pt\/noticias\/","title":{"rendered":"Not\u00edcias"},"content":{"rendered":"<p>[vc_row css=&#8221;.vc_custom_1599820576459{padding-right: 0px !important;padding-left: 0px !important;}&#8221;][vc_column css=&#8221;.vc_custom_1599820581856{padding-right: 0px !important;padding-left: 0px !important;}&#8221;]<section class='media-section container'><ul class='media-list row'><li class='media-item col-md-6 col-lg-4'><div class='wrapper'><a href='https:\/\/www.hotihoteis.com\/pt-pt\/reconhecimento-e-premiacao-do-grupo-hoti-hoteis\/'><div class='img-bg ' style='background-image: url(https:\/\/www.hotihoteis.com\/wp-content\/uploads\/2026\/02\/PHOTO-2026-02-27-12-15-28-285x380.png)'><\/div><figure class='image-wrapper'><img class='media-image' src='https:\/\/www.hotihoteis.com\/wp-content\/uploads\/2026\/02\/PHOTO-2026-02-27-12-15-28-285x380.png' alt='news-image'><figcaption><div class='day-month'><span class='day'>27<\/span><span class='month'>Fev<\/span><\/div><span class='year'>2026<\/span><\/figcaption><\/figure><div class='description-wrapper'><h2 class='media-title'>Reconhecimento e Premia\u00e7\u00e3o do Grupo Hoti Hoteis<\/h2><div class='media-text'><p>O Grupo Hoti Hoteis foi reconhecido na confer\u00eancia Smart and Green Tourism, e o seu Fundador, Manuel Henrique Proen\u00e7a, foi distinguido com o Pr\u00e9mio Personalidades.<\/p><\/div><div class='button-wrapper'><button class='simple-button' title='ler mais'>ler mais<\/button><\/div><\/div><\/div><\/a><\/li><li class='media-item col-md-6 col-lg-4'><div class='wrapper'><a href='https:\/\/www.hotihoteis.com\/pt-pt\/programas-de-sao-valentim\/'><div class='img-bg ' style='background-image: url(https:\/\/www.hotihoteis.com\/wp-content\/uploads\/2026\/01\/500-x-500-380x380.png)'><\/div><figure class='image-wrapper'><img class='media-image' src='https:\/\/www.hotihoteis.com\/wp-content\/uploads\/2026\/01\/500-x-500-380x380.png' alt='news-image'><figcaption><div class='day-month'><span class='day'>8<\/span><span class='month'>Jan<\/span><\/div><span class='year'>2026<\/span><\/figcaption><\/figure><div class='description-wrapper'><h2 class='media-title'>Programas de S\u00e3o Valentim<\/h2><div class='media-text'><p>Celebre o dia dos namorados com os nossos hot\u00e9is.<\/p><\/div><div class='button-wrapper'><button class='simple-button' title='ler mais'>ler mais<\/button><\/div><\/div><\/div><\/a><\/li><li class='media-item col-md-6 col-lg-4'><div class='wrapper'><a href='https:\/\/www.hotihoteis.com\/pt-pt\/inauguracao-do-hotel-melia-sao-joao-da-madeira\/'><div class='img-bg ' style='background-image: url(https:\/\/www.hotihoteis.com\/wp-content\/uploads\/2025\/12\/20-453x380.png)'><\/div><figure class='image-wrapper'><img class='media-image' src='https:\/\/www.hotihoteis.com\/wp-content\/uploads\/2025\/12\/20-453x380.png' alt='news-image'><figcaption><div class='day-month'><span class='day'>12<\/span><span class='month'>Dez<\/span><\/div><span class='year'>2025<\/span><\/figcaption><\/figure><div class='description-wrapper'><h2 class='media-title'>Inaugura\u00e7\u00e3o do Hotel Meli\u00e1 S\u00e3o Jo\u00e3o da Madeira<\/h2><div class='media-text'><p>No dia 12 de dezembro, o Grupo Hoti Hoteis inaugurou o Hotel Meli\u00e1 S\u00e3o Jo\u00e3o da Madeira, uma unidade de quatro estrelas que resulta da reabilita\u00e7\u00e3o do hist\u00f3rico Palacete dos Condes Dias Garcia.<\/p><\/div><div class='button-wrapper'><button class='simple-button' title='ler mais'>ler mais<\/button><\/div><\/div><\/div><\/a><\/li><li class='media-item col-md-6 col-lg-4'><div class='wrapper'><a href='https:\/\/www.hotihoteis.com\/pt-pt\/joao-sanches-reconhecido-pelos-25-anos-de-carreira\/'><div class='img-bg ' style='background-image: url(https:\/\/www.hotihoteis.com\/wp-content\/uploads\/2025\/11\/Dark-Blue-Minimalist-Simple-Inspirational-Desktop-Wallpaper-1-380x380.png)'><\/div><figure class='image-wrapper'><img class='media-image' src='https:\/\/www.hotihoteis.com\/wp-content\/uploads\/2025\/11\/Dark-Blue-Minimalist-Simple-Inspirational-Desktop-Wallpaper-1-380x380.png' alt='news-image'><figcaption><div class='day-month'><span class='day'>22<\/span><span class='month'>Nov<\/span><\/div><span class='year'>2025<\/span><\/figcaption><\/figure><div class='description-wrapper'><h2 class='media-title'>Jo\u00e3o Sanches reconhecido pelos 25 anos de carreira<\/h2><div class='media-text'><p>Jo\u00e3o Sanches foi destacado pelo seu esp\u00edrito de equipa e resili\u00eancia, qualidades que se tornaram marcas do seu percurso profissional.<\/p><\/div><div class='button-wrapper'><button class='simple-button' title='ler mais'>ler mais<\/button><\/div><\/div><\/div><\/a><\/li><li class='media-item col-md-6 col-lg-4'><div class='wrapper'><a href='https:\/\/www.hotihoteis.com\/pt-pt\/projeto-golden-ria-aveiro\/'><div class='img-bg ' style='background-image: url(https:\/\/www.hotihoteis.com\/wp-content\/uploads\/2025\/11\/5-380x380.png)'><\/div><figure class='image-wrapper'><img class='media-image' src='https:\/\/www.hotihoteis.com\/wp-content\/uploads\/2025\/11\/5-380x380.png' alt='news-image'><figcaption><div class='day-month'><span class='day'>30<\/span><span class='month'>Out<\/span><\/div><span class='year'>2025<\/span><\/figcaption><\/figure><div class='description-wrapper'><h2 class='media-title'>Projeto Golden Ria Aveiro<\/h2><div class='media-text'><p>A Hoti Hoteis anuncia com orgulho o lan\u00e7amento do Golden Ria em Aveiro, um projeto distintivo que marca a entrada do grupo no setor imobili\u00e1rio.<\/p><\/div><div class='button-wrapper'><button class='simple-button' title='ler mais'>ler mais<\/button><\/div><\/div><\/div><\/a><\/li><li class='media-item col-md-6 col-lg-4'><div class='wrapper'><a href='https:\/\/www.hotihoteis.com\/pt-pt\/celebre-o-natal-com-o-grupo-hoti-hoteis\/'><div class='img-bg ' style='background-image: url(https:\/\/www.hotihoteis.com\/wp-content\/uploads\/2025\/10\/Menu-Empresas-Natal-2025-Hotel-da-Musica-380x380.png)'><\/div><figure class='image-wrapper'><img class='media-image' src='https:\/\/www.hotihoteis.com\/wp-content\/uploads\/2025\/10\/Menu-Empresas-Natal-2025-Hotel-da-Musica-380x380.png' alt='news-image'><\/figure><div class='description-wrapper'><h2 class='media-title'>CELEBRE O NATAL COM O GRUPO HOTI HOTEIS<\/h2><div class='media-text'><p>Os hot\u00e9is do grupo Hoti Hoteis voltam a celebrar o Natal com eleg\u00e2ncia e sabor, apresentando um conjunto de menus especiais para jantares de empresas em todo o pa\u00eds.<\/p><\/div><div class='button-wrapper'><button class='simple-button' title='ler mais'>ler mais<\/button><\/div><\/div><\/div><\/a><\/li><\/ul><button class='loadmore'>VER MAIS NOT\u00cdCIAS<i class='fal fa-ellipsis-h'><\/i><\/button><\/section><script>jQuery(function() {HotiHoteis.Page.loadMorePosts.Init();});<\/script>[\/vc_column][\/vc_row]<\/p>\n","protected":false},"excerpt":{"rendered":"<p>[vc_row css=&#8221;.vc_custom_1599820576459{padding-right: 0px !important;padding-left: 0px !important;}&#8221;][vc_column css=&#8221;.vc_custom_1599820581856{padding-right: 0px !important;padding-left: 0px !important;}&#8221;][\/vc_column][\/vc_row]<\/p>\n","protected":false},"author":2,"featured_media":0,"parent":0,"menu_order":1,"comment_status":"closed","ping_status":"closed","template":"","meta":{"_acf_changed":false,"footnotes":""},"class_list":["post-1624","page","type-page","status-publish","hentry"],"acf":[],"yoast_head":"<!-- This site is optimized with the Yoast SEO plugin v27.5 - https:\/\/yoast.com\/product\/yoast-seo-wordpress\/ -->\n<title>Not\u00edcias - Hoti Hoteis<\/title>\n<meta name=\"robots\" content=\"index, follow, max-snippet:-1, max-image-preview:large, max-video-preview:-1\" \/>\n<link rel=\"canonical\" href=\"https:\/\/www.hotihoteis.com\/pt-pt\/noticias\/\" \/>\n<meta property=\"og:locale\" content=\"pt_PT\" \/>\n<meta property=\"og:type\" content=\"article\" \/>\n<meta property=\"og:title\" content=\"Not\u00edcias - Hoti Hoteis\" \/>\n<meta property=\"og:description\" content=\"[vc_row css=&#8221;.vc_custom_1599820576459{padding-right: 0px !important;padding-left: 0px !important;}&#8221;][vc_column css=&#8221;.vc_custom_1599820581856{padding-right: 0px !important;padding-left: 0px !important;}&#8221;][\/vc_column][\/vc_row]\" \/>\n<meta property=\"og:url\" content=\"https:\/\/www.hotihoteis.com\/pt-pt\/noticias\/\" \/>\n<meta property=\"og:site_name\" content=\"Hoti Hoteis\" \/>\n<meta property=\"article:modified_time\" content=\"2020-12-11T14:28:09+00:00\" \/>\n<meta name=\"twitter:card\" content=\"summary_large_image\" \/>\n<script type=\"application\/ld+json\" class=\"yoast-schema-graph\">{\"@context\":\"https:\\\/\\\/schema.org\",\"@graph\":[{\"@type\":\"WebPage\",\"@id\":\"https:\\\/\\\/www.hotihoteis.com\\\/pt-pt\\\/noticias\\\/\",\"url\":\"https:\\\/\\\/www.hotihoteis.com\\\/pt-pt\\\/noticias\\\/\",\"name\":\"Not\u00edcias - Hoti Hoteis\",\"isPartOf\":{\"@id\":\"https:\\\/\\\/www.hotihoteis.com\\\/pt-pt\\\/#website\"},\"datePublished\":\"2020-09-02T10:56:34+00:00\",\"dateModified\":\"2020-12-11T14:28:09+00:00\",\"breadcrumb\":{\"@id\":\"https:\\\/\\\/www.hotihoteis.com\\\/pt-pt\\\/noticias\\\/#breadcrumb\"},\"inLanguage\":\"pt-PT\",\"potentialAction\":[{\"@type\":\"ReadAction\",\"target\":[\"https:\\\/\\\/www.hotihoteis.com\\\/pt-pt\\\/noticias\\\/\"]}]},{\"@type\":\"BreadcrumbList\",\"@id\":\"https:\\\/\\\/www.hotihoteis.com\\\/pt-pt\\\/noticias\\\/#breadcrumb\",\"itemListElement\":[{\"@type\":\"ListItem\",\"position\":1,\"name\":\"Home\",\"item\":\"https:\\\/\\\/www.hotihoteis.com\\\/pt-pt\\\/\"},{\"@type\":\"ListItem\",\"position\":2,\"name\":\"Not\u00edcias\"}]},{\"@type\":\"WebSite\",\"@id\":\"https:\\\/\\\/www.hotihoteis.com\\\/pt-pt\\\/#website\",\"url\":\"https:\\\/\\\/www.hotihoteis.com\\\/pt-pt\\\/\",\"name\":\"Hoti Hoteis\",\"description\":\"Just another WordPress site\",\"potentialAction\":[{\"@type\":\"SearchAction\",\"target\":{\"@type\":\"EntryPoint\",\"urlTemplate\":\"https:\\\/\\\/www.hotihoteis.com\\\/pt-pt\\\/?s={search_term_string}\"},\"query-input\":{\"@type\":\"PropertyValueSpecification\",\"valueRequired\":true,\"valueName\":\"search_term_string\"}}],\"inLanguage\":\"pt-PT\"}]}<\/script>\n<!-- \/ Yoast SEO plugin. -->","yoast_head_json":{"title":"Not\u00edcias - Hoti Hoteis","robots":{"index":"index","follow":"follow","max-snippet":"max-snippet:-1","max-image-preview":"max-image-preview:large","max-video-preview":"max-video-preview:-1"},"canonical":"https:\/\/www.hotihoteis.com\/pt-pt\/noticias\/","og_locale":"pt_PT","og_type":"article","og_title":"Not\u00edcias - Hoti Hoteis","og_description":"[vc_row css=&#8221;.vc_custom_1599820576459{padding-right: 0px !important;padding-left: 0px !important;}&#8221;][vc_column css=&#8221;.vc_custom_1599820581856{padding-right: 0px !important;padding-left: 0px !important;}&#8221;][\/vc_column][\/vc_row]","og_url":"https:\/\/www.hotihoteis.com\/pt-pt\/noticias\/","og_site_name":"Hoti Hoteis","article_modified_time":"2020-12-11T14:28:09+00:00","twitter_card":"summary_large_image","schema":{"@context":"https:\/\/schema.org","@graph":[{"@type":"WebPage","@id":"https:\/\/www.hotihoteis.com\/pt-pt\/noticias\/","url":"https:\/\/www.hotihoteis.com\/pt-pt\/noticias\/","name":"Not\u00edcias - Hoti Hoteis","isPartOf":{"@id":"https:\/\/www.hotihoteis.com\/pt-pt\/#website"},"datePublished":"2020-09-02T10:56:34+00:00","dateModified":"2020-12-11T14:28:09+00:00","breadcrumb":{"@id":"https:\/\/www.hotihoteis.com\/pt-pt\/noticias\/#breadcrumb"},"inLanguage":"pt-PT","potentialAction":[{"@type":"ReadAction","target":["https:\/\/www.hotihoteis.com\/pt-pt\/noticias\/"]}]},{"@type":"BreadcrumbList","@id":"https:\/\/www.hotihoteis.com\/pt-pt\/noticias\/#breadcrumb","itemListElement":[{"@type":"ListItem","position":1,"name":"Home","item":"https:\/\/www.hotihoteis.com\/pt-pt\/"},{"@type":"ListItem","position":2,"name":"Not\u00edcias"}]},{"@type":"WebSite","@id":"https:\/\/www.hotihoteis.com\/pt-pt\/#website","url":"https:\/\/www.hotihoteis.com\/pt-pt\/","name":"Hoti Hoteis","description":"Just another WordPress site","potentialAction":[{"@type":"SearchAction","target":{"@type":"EntryPoint","urlTemplate":"https:\/\/www.hotihoteis.com\/pt-pt\/?s={search_term_string}"},"query-input":{"@type":"PropertyValueSpecification","valueRequired":true,"valueName":"search_term_string"}}],"inLanguage":"pt-PT"}]}},"publishpress_future_workflow_manual_trigger":{"enabledWorkflows":[]},"_links":{"self":[{"href":"https:\/\/www.hotihoteis.com\/pt-pt\/wp-json\/wp\/v2\/pages\/1624","targetHints":{"allow":["GET"]}}],"collection":[{"href":"https:\/\/www.hotihoteis.com\/pt-pt\/wp-json\/wp\/v2\/pages"}],"about":[{"href":"https:\/\/www.hotihoteis.com\/pt-pt\/wp-json\/wp\/v2\/types\/page"}],"author":[{"embeddable":true,"href":"https:\/\/www.hotihoteis.com\/pt-pt\/wp-json\/wp\/v2\/users\/2"}],"replies":[{"embeddable":true,"href":"https:\/\/www.hotihoteis.com\/pt-pt\/wp-json\/wp\/v2\/comments?post=1624"}],"version-history":[{"count":2,"href":"https:\/\/www.hotihoteis.com\/pt-pt\/wp-json\/wp\/v2\/pages\/1624\/revisions"}],"predecessor-version":[{"id":3788,"href":"https:\/\/www.hotihoteis.com\/pt-pt\/wp-json\/wp\/v2\/pages\/1624\/revisions\/3788"}],"wp:attachment":[{"href":"https:\/\/www.hotihoteis.com\/pt-pt\/wp-json\/wp\/v2\/media?parent=1624"}],"curies":[{"name":"wp","href":"https:\/\/api.w.org\/{rel}","templated":true}]}}

Notícias

<p>[vc_row css=&#8221;.vc_custom_1599820576459{padding-right: 0px !important;padding-left: 0px !important;}&#8221;][vc_column css=&#8221;.vc_custom_1599820581856{padding-right: 0px !important;padding-left: 0px !important;}&#8221;]<section class='media-section container'><ul class='media-list row'><li class='media-item col-md-6 col-lg-4'><div class='wrapper'><a href='https://www.hotihoteis.com/pt-pt/reconhecimento-e-premiacao-do-grupo-hoti-hoteis/'><div class='img-bg ' style='background-image: url(https://www.hotihoteis.com/wp-content/uploads/2026/02/PHOTO-2026-02-27-12-15-28-285x380.png)'></div><figure class='image-wrapper'><img class='media-image' src='https://www.hotihoteis.com/wp-content/uploads/2026/02/PHOTO-2026-02-27-12-15-28-285x380.png' alt='news-image'><figcaption><div class='day-month'><span class='day'>27</span><span class='month'>Fev</span></div><span class='year'>2026</span></figcaption></figure><div class='description-wrapper'><h2 class='media-title'>Reconhecimento e Premiação do Grupo Hoti Hoteis</h2><div class='media-text'><p>O Grupo Hoti Hoteis foi reconhecido na conferência Smart and Green Tourism, e o seu Fundador, Manuel Henrique Proença, foi distinguido com o Prémio Personalidades.</p></div><div class='button-wrapper'><button class='simple-button' title='ler mais'>ler mais</button></div></div></div></a></li><li class='media-item col-md-6 col-lg-4'><div class='wrapper'><a href='https://www.hotihoteis.com/pt-pt/programas-de-sao-valentim/'><div class='img-bg ' style='background-image: url(https://www.hotihoteis.com/wp-content/uploads/2026/01/500-x-500-380x380.png)'></div><figure class='image-wrapper'><img class='media-image' src='https://www.hotihoteis.com/wp-content/uploads/2026/01/500-x-500-380x380.png' alt='news-image'><figcaption><div class='day-month'><span class='day'>8</span><span class='month'>Jan</span></div><span class='year'>2026</span></figcaption></figure><div class='description-wrapper'><h2 class='media-title'>Programas de São Valentim</h2><div class='media-text'><p>Celebre o dia dos namorados com os nossos hotéis.</p></div><div class='button-wrapper'><button class='simple-button' title='ler mais'>ler mais</button></div></div></div></a></li><li class='media-item col-md-6 col-lg-4'><div class='wrapper'><a href='https://www.hotihoteis.com/pt-pt/inauguracao-do-hotel-melia-sao-joao-da-madeira/'><div class='img-bg ' style='background-image: url(https://www.hotihoteis.com/wp-content/uploads/2025/12/20-453x380.png)'></div><figure class='image-wrapper'><img class='media-image' src='https://www.hotihoteis.com/wp-content/uploads/2025/12/20-453x380.png' alt='news-image'><figcaption><div class='day-month'><span class='day'>12</span><span class='month'>Dez</span></div><span class='year'>2025</span></figcaption></figure><div class='description-wrapper'><h2 class='media-title'>Inauguração do Hotel Meliá São João da Madeira</h2><div class='media-text'><p>No dia 12 de dezembro, o Grupo Hoti Hoteis inaugurou o Hotel Meliá São João da Madeira, uma unidade de quatro estrelas que resulta da reabilitação do histórico Palacete dos Condes Dias Garcia.</p></div><div class='button-wrapper'><button class='simple-button' title='ler mais'>ler mais</button></div></div></div></a></li><li class='media-item col-md-6 col-lg-4'><div class='wrapper'><a href='https://www.hotihoteis.com/pt-pt/joao-sanches-reconhecido-pelos-25-anos-de-carreira/'><div class='img-bg ' style='background-image: url(https://www.hotihoteis.com/wp-content/uploads/2025/11/Dark-Blue-Minimalist-Simple-Inspirational-Desktop-Wallpaper-1-380x380.png)'></div><figure class='image-wrapper'><img class='media-image' src='https://www.hotihoteis.com/wp-content/uploads/2025/11/Dark-Blue-Minimalist-Simple-Inspirational-Desktop-Wallpaper-1-380x380.png' alt='news-image'><figcaption><div class='day-month'><span class='day'>22</span><span class='month'>Nov</span></div><span class='year'>2025</span></figcaption></figure><div class='description-wrapper'><h2 class='media-title'>João Sanches reconhecido pelos 25 anos de carreira</h2><div class='media-text'><p>João Sanches foi destacado pelo seu espírito de equipa e resiliência, qualidades que se tornaram marcas do seu percurso profissional.</p></div><div class='button-wrapper'><button class='simple-button' title='ler mais'>ler mais</button></div></div></div></a></li><li class='media-item col-md-6 col-lg-4'><div class='wrapper'><a href='https://www.hotihoteis.com/pt-pt/projeto-golden-ria-aveiro/'><div class='img-bg ' style='background-image: url(https://www.hotihoteis.com/wp-content/uploads/2025/11/5-380x380.png)'></div><figure class='image-wrapper'><img class='media-image' src='https://www.hotihoteis.com/wp-content/uploads/2025/11/5-380x380.png' alt='news-image'><figcaption><div class='day-month'><span class='day'>30</span><span class='month'>Out</span></div><span class='year'>2025</span></figcaption></figure><div class='description-wrapper'><h2 class='media-title'>Projeto Golden Ria Aveiro</h2><div class='media-text'><p>A Hoti Hoteis anuncia com orgulho o lançamento do Golden Ria em Aveiro, um projeto distintivo que marca a entrada do grupo no setor imobiliário.</p></div><div class='button-wrapper'><button class='simple-button' title='ler mais'>ler mais</button></div></div></div></a></li><li class='media-item col-md-6 col-lg-4'><div class='wrapper'><a href='https://www.hotihoteis.com/pt-pt/celebre-o-natal-com-o-grupo-hoti-hoteis/'><div class='img-bg ' style='background-image: url(https://www.hotihoteis.com/wp-content/uploads/2025/10/Menu-Empresas-Natal-2025-Hotel-da-Musica-380x380.png)'></div><figure class='image-wrapper'><img class='media-image' src='https://www.hotihoteis.com/wp-content/uploads/2025/10/Menu-Empresas-Natal-2025-Hotel-da-Musica-380x380.png' alt='news-image'></figure><div class='description-wrapper'><h2 class='media-title'>CELEBRE O NATAL COM O GRUPO HOTI HOTEIS</h2><div class='media-text'><p>Os hotéis do grupo Hoti Hoteis voltam a celebrar o Natal com elegância e sabor, apresentando um conjunto de menus especiais para jantares de empresas em todo o país.</p></div><div class='button-wrapper'><button class='simple-button' title='ler mais'>ler mais</button></div></div></div></a></li></ul><button class='loadmore'>VER MAIS NOTÍCIAS<i class='fal fa-ellipsis-h'></i></button></section><script>jQuery(function() {HotiHoteis.Page.loadMorePosts.Init();});</script>[/vc_column][/vc_row]</p>

<!-- This site is optimized with the Yoast SEO plugin v27.5 - https://yoast.com/product/yoast-seo-wordpress/ -->
<title>Notícias - Hoti Hoteis</title>
<meta name="robots" content="index, follow, max-snippet:-1, max-image-preview:large, max-video-preview:-1" />
<link rel="canonical" href="https://www.hotihoteis.com/pt-pt/noticias/" />
<meta property="og:locale" content="pt_PT" />
<meta property="og:type" content="article" />
<meta property="og:title" content="Notícias - Hoti Hoteis" />
<meta property="og:description" content="[vc_row css=&#8221;.vc_custom_1599820576459{padding-right: 0px !important;padding-left: 0px !important;}&#8221;][vc_column css=&#8221;.vc_custom_1599820581856{padding-right: 0px !important;padding-left: 0px !important;}&#8221;][/vc_column][/vc_row]" />
<meta property="og:url" content="https://www.hotihoteis.com/pt-pt/noticias/" />
<meta property="og:site_name" content="Hoti Hoteis" />
<meta property="article:modified_time" content="2020-12-11T14:28:09+00:00" />
<meta name="twitter:card" content="summary_large_image" />
<script type="application/ld+json" class="yoast-schema-graph">{"@context":"https:\/\/schema.org","@graph":[{"@type":"WebPage","@id":"https:\/\/www.hotihoteis.com\/pt-pt\/noticias\/","url":"https:\/\/www.hotihoteis.com\/pt-pt\/noticias\/","name":"Notícias - Hoti Hoteis","isPartOf":{"@id":"https:\/\/www.hotihoteis.com\/pt-pt\/#website"},"datePublished":"2020-09-02T10:56:34+00:00","dateModified":"2020-12-11T14:28:09+00:00","breadcrumb":{"@id":"https:\/\/www.hotihoteis.com\/pt-pt\/noticias\/#breadcrumb"},"inLanguage":"pt-PT","potentialAction":[{"@type":"ReadAction","target":["https:\/\/www.hotihoteis.com\/pt-pt\/noticias\/"]}]},{"@type":"BreadcrumbList","@id":"https:\/\/www.hotihoteis.com\/pt-pt\/noticias\/#breadcrumb","itemListElement":[{"@type":"ListItem","position":1,"name":"Home","item":"https:\/\/www.hotihoteis.com\/pt-pt\/"},{"@type":"ListItem","position":2,"name":"Notícias"}]},{"@type":"WebSite","@id":"https:\/\/www.hotihoteis.com\/pt-pt\/#website","url":"https:\/\/www.hotihoteis.com\/pt-pt\/","name":"Hoti Hoteis","description":"Just another WordPress site","potentialAction":[{"@type":"SearchAction","target":{"@type":"EntryPoint","urlTemplate":"https:\/\/www.hotihoteis.com\/pt-pt\/?s={search_term_string}"},"query-input":{"@type":"PropertyValueSpecification","valueRequired":true,"valueName":"search_term_string"}}],"inLanguage":"pt-PT"}]}</script>
<!-- / Yoast SEO plugin. -->

Notícias - Hoti Hoteis
